 - 6. Suppose c*j = 2 - 8. Let v(s) = -4*s**2 + s + 1. What is v(j)?
-4
Let n(v) be the second derivative of v**5/20 - v**4 - 14*v**3/3 + 13*v**2/2 + 122*v. What is n(14)?
13
Let z(o) be the third derivative of -o**5/60 - 5*o**4/12 - 2*o**3 - 115*o**2. Suppose 5*i - 3*i = -3*g - 24, -3*g - 3*i = 24. Give z(g).
4
Suppose 0 = -238*g + 228*g + 50. Let p(x) be the second derivative of -1/12*x**4 + 0 - x + 1/3*x**3 + 5/2*x**2. Calculate p(g).
-10
Let q(u) = u**2 - u - 4. Suppose 2*i + 0 = 6. Suppose 0 - i = -b, 0 = -o + 4*b - 10. Let x be 2 - (-4 - o)/3. Determine q(x).
8
Let l(t) be the third derivative of t**5/60 - 5*t**4/24 + 4*t**3/3 - t**2 + 140*t. Give l(7).
22
Let m be ((-2)/(-4))/(2/4). Let s(n) = n**2 + n - 1. Let y(x) = 6*x**2 + 5*x - 3. Let k(u) = m*y(u) - 4*s(u). Let o be 1/((-3)/(-3))*-1. Give k(o).
2
Let w(x) = 3*x + 27. Let a(y) = -11*y - 79. Let h(l) = -2*a(l) - 7*w(l). Give h(9).
-22
Let v(b) be the third derivative of -1/8*b**4 - 1/120*b**6 + 5*b**2 - 1/15*b**5 + 0 + 0*b - 2/3*b**3. Calculate v(-3).
-4
Let v(y) = 3*y**3 + y**2 - 2*y + 1. Let c = -107 - -93. Let s be c/(-7) - ((4 - 1) + 1). Give v(s).
-15
Let l be (3 - ((-50)/(-5))/5)*-3. Let p(c) = -c**3 - 2. Determine p(l).
25
Let j(a) = -a**3 + 27*a**2 + 29*a - 24. Let d be j(28). Let p(z) be the first derivative of -d*z**2 - 6*z + 4 - 1/3*z**3. Give p(-5).
9
Let p(y) = -y**2 - 5*y + 9. Let v be p(-5). Let o(x) = 2*x**2 - v*x**2 + 3*x**2 + 3*x**2. Calculate o(-3).
-9
Let j(a) = -5*a**2 + 2*a. Let n = 31 + -30. Let h be j(n). Let v(c) = c**2 + 4*c - 4. Calculate v(h).
-7
Let y(j) = -j**2 + j + 1. Let r(n) = -5*n**2 + 6*n + 8. Let k(p) = -r(p) + 3*y(p). Calculate k(4).
15
Let y(b) be the second derivative of -b**4/24 - b**3/6 - b**2 + 9*b. Let c(h) be the first derivative of y(h). What is c(0)?
-1
Let n(p) be the third derivative of p**5/60 + 13*p**4/24 - 13*p**3/6 + 207*p**2 - 2. Give n(-11).
-35
Let a be (-261)/(-58) + 2 + 27/(-6). Let b(k) = 3*k**2 - 3*k - 1. Give b(a).
5
Let n be 0/(-6) - (-2*1 - 0). Let c(s) = 837*s**2 + 3 - 5*s - 836*s**n + s. What is c(2)?
-1
Suppose 2*l - 5*n - 10 - 14 = 0, -3*n - 14 = -l. Let a(b) = b - 5. Let j be (1 - 0)/((-3)/15). Let g(s) = 3*s - 11. Let c(o) = j*a(o) + l*g(o). Determine c(4).
7
Let j(s) be the second derivative of s**6/360 - 7*s**5/120 + 2*s**4/3 - 2*s. Let o(g) be the third derivative of j(g). Calculate o(8).
9
Let d be 1/((-3)/(-6)*-2)*-2. Let n(a) = a**2 - 2*a - 11*a**2 + a**3 + 3 + 8*a**2. Calculate n(d).
-1
Suppose n = 3*t - n - 8, 4 = 3*t - 4*n. Suppose -4*w = -t*z - 8, 0*w = 4*w - 16. Let g(m) = -m**3 + 2*m. Give g(z).
-4
Suppose -4*n + 5*q - 25 + 90 = 0, 0 = 3*n - 5*q - 55. Let y(g) = 5 - n + 2*g - 3*g. Let t = -6 - 0. What is y(t)?
1
Let l(u) = u**2 + 9*u + 10. Suppose -w - 2*p + 1 = 0, 5*w + 4*p + 18 = -7. Let k be w/(-2 + 5) + -4. Give l(k).
-4
Let y(t) = 11*t - 6 + 21*t**2 - 23 - 18*t**2 - 2*t**2. Determine y(-14).
13
Let o = -11 - -16. Let c(u) = 3 + o*u - 8*u + 8*u. Determine c(-2).
-7
Let w(k) = -9*k. Suppose -2*f + 4*f = -5*z + 8, -3*f - z = 1. Calculate w(f).
9
Let c = 153 - 161. Let a(u) = -u**2 - 6*u + 17. Determine a(c).
1
Let n(o) = 10*o - 15*o - 4 + 35*o - 16*o - 13*o. Calculate n(-7).
-11
Let r = -3 + 4. Let n = r - -3. Let l(p) be the first derivative of p**4/4 - 5*p**3/3 + 2*p**2 + 3*p + 18. Give l(n).
3
Suppose -3 + 11 = v. Suppose 4*f + 12 = v*f. Let l(t) = t - 4*t**2 + 4 - 1 + 0*t + f*t**2. What is l(0)?
3
Suppose -2*b = -5*l - 8, 3*b - 1 = -4. Let u(f) = -f**3 - 3*f**2 + f + 1. Determine u(l).
-5
Let l = 262 + -258. Let o(t) = 2*t**2 - 3*t - 2. What is o(l)?
18
Let d be 32/5 - 16/40. Let t(v) be the second derivative of -v**4/24 + 5*v**3/6 - v**2 + 2*v. Let p(i) be the first derivative of t(i). Determine p(d).
-1
Let p(m) be the first derivative of -m**6/360 + m**5/20 - m**4/12 - 8*m**3/3 + 12. Let u(w) be the third derivative of p(w). Let f = -14 + 20. Determine u(f).
-2
Let f(o) = 2*o**3 + o**2 - o. Let d(j) = -j**3 - j**2 - j. Let i be d(-2). Suppose i*p + 40 = 2*p. Let g = p + 11. Give f(g).
2
Let p(f) = -2*f**2 - 17*f - 1. Let i(c) = -c**2 + 31*c - 8. Let w be i(0). Give p(w).
7
Suppose 3*c - 4*z + 19 = -5*z, -4*c - 12 = -2*z. Let h be 3 + (c - 6/3). Let b(f) = 9*f - 2. Let a(n) = -4*n + 1. Let r(k) = -13*a(k) - 6*b(k). What is r(h)?
7
Suppose 13 = -2*d - 3*d + 2*c, 0 = -4*d + 4*c - 20. Let q be -5 - (6/(-2) - d). Let z be q/(-3)*(-1 - 5). Let k(t) = t + 9. Give k(z).
3
Let g(y) = -4*y**2 + 5*y - 22. Let r(m) = -m**2 + 2*m - 7. Let i(a) = -2*g(a) + 7*r(a). Suppose -4*w + 7*w = -18. Give i(w).
7
Let m(h) = -8*h**3 + 2*h**2 - 19*h - 15. Let s(z) = 3*z**3 - z**2 + 9*z + 7. Let i(p) = -2*m(p) - 5*s(p). What is i(-4)?
-25
Let j(m) = -67*m + 18 - 2 + 132*m + 7 - 64*m. Give j(-14).
9
Let u(a) be the third derivative of -a**4/6 - 14*a**3/3 - 3*a**2 + 21*a. Calculate u(-4).
-12
Let n be 6/12*0*-1. Suppose n = -2*u + 4*u + 10. Let k(w) = -w + 3. Give k(u).
8
Let d(k) = -3*k - 16. Let j be d(-7). Let w(p) = -p**3 + 6*p**2 - 3*p - 4. Determine w(j).
6
Let d(o) = -2*o**3 - o**2 + 5*o + 1. Let b(p) = -6*p**3 - p**2 + 12*p + 3. Let k(f) = -2*b(f) + 5*d(f). Give k(2).
5
Suppose -15*f + 10*f + 10 = 0. Let r(j) = -1 + f*j - 3*j - 11*j**3 - j**3. What is r(-1)?
12
Let g(x) = -x + 34. Suppose 5*h = 5*t + 90, -4*h = -178*t + 182*t - 80. What is g(h)?
15
Let c(h) = h**3 - 16*h**2 + 15*h + 1. Let g(v) = 63*v + 78. Let n be g(-1). Calculate c(n).
1
Let l(i) = -6 - i + 9 + 8 - 6. Calculate l(8).
-3
Suppose 8 = 4*r - 8, 0 = -z + r. Let w(v) = z + 6*v - 6*v - v + 9. Calculate w(11).
2
Let r(j) = j**3 - 4*j**2 + 4*j - 12. Let c(t) = -t**3 - 9*t**2 + 34*t - 20. Let f be c(-12). Give r(f).
4
Suppose 0*w = -4*w. Suppose 2*p - p + 5 = w. Let f(v) be the second derivative of v**3/6 + 11*v**2/2 + v. Determine f(p).
6
Let z = 2076 - 2076. Let f(j) = -4 - j - 5 + 2. Determine f(z).
-7
Let w(o) be the second derivative of -o**8/960 + o**7/2520 - o**5/120 - 5*o**4/12 + 13*o. Let q(p) be the third derivative of w(p). What is q(1)?
-7
Suppose 2*w - w = y - 25, 2*y + 2*w = 50. Let d = 25 - y. Let j(z) = 0*z + d*z + 1 - z - 5. Calculate j(-5).
1
Let q be ((-2)/4)/((-297)/(-154) - 2). Let k(u) = -u**3 + 7*u**2 - 5*u + 4. What is k(q)?
-31
Let d(c) = -c - 10 + 10 + 0*c. Determine d(2).
-2
Let s(v) = 5*v**2 - 11*v + 8. Let w(i) = 2*i**2 - i. Let r(n) = s(n) - 3*w(n). What is r(-9)?
-1
Let k(i) be the third derivative of i**6/120 + 7*i**5/60 + i**4/4 - i**3/6 + 2*i**2 - 3*i. What is k(-6)?
-1
Let i(l) = 0*l - 7*l**2 + 2*l - 1 + l**3 + 2*l**2. Suppose -5*y + 14*y - 27*y + 36 = 0. What is i(y)?
-9
Let m(h) = -9 + h + 20 + 0*h - 12 - 4. What is m(4)?
-1
Let h = 29 - 24. Let z(y) = 28 + 27 + h*y - 56. Let m = 8 + -5. What is z(m)?
14
Let g(p) = -p + 2. Let c(a) = 7*a + 2. Let q(w) = -c(w) - 6*g(w). Calculate q(0).
-14
Let k(w) = -w**3 + 7*w**2 - 4. Let z be k(7). Suppose 0*x - 2*x - 43 = 3*u, 2*x + 5*u + 53 = 0. Let t be z/x - (-30)/42. Let m(f) = 6*f**3 - f. Give m(t).
5
Let y(c) = 2*c**2 + 6*c - 7. Let i(q) = -q**3 + 22*q**2 - 20*q - 27. Let x be i(21). Calculate y(x).
29
Let z(n) = -5*n + 3290*n**2 - 3289*n**2 + 4 - 1. Calculate z(3).
-3
Suppose 4*q + 5*c - 87 = 0, -2*c + 6*c + 73 = 3*q. Suppose 3*l = -h + q, l - 26 = -2*h - 2*h. Let w(x) = -x**2 + 4*x + 2. Calculate w(l).
-10
Suppose 3*p + p = -20. Let c(h) = -2*h**2 - 8*h + h**2 + 29 - 15 - 19. Let z(w) = -5*w**2 - 41*w - 25. Let b(m) = -11*c(m) + 2*z(m). Determine b(p).
0
Let r(x) = 3*x + 6. Suppose 3*d + 144 = 4*f, 5*f = -4*d + 2*d + 157. Let b = -38 + f. Give r(b).
-9
Let k(z) = -z**3 + 4*z**2 + 2*z - 7. Let t(j) = -4*j**3 + 16*j**2 + 9*j - 29. Suppose -7*g - 3 = -17. Let s(n) = g*t(n) - 9*k(n). Calculate s(4).
5
Let r = -17 - -20. Suppose 0 = 4*p - 4*l - 4, 4*p - 2*l - r*l = -1. Let g(s) = s**2 - 4*s - 5. Calculate g(p).
7
Suppose -3*f = -4*p + f, 0 = -4*f - 12. Let i be (0 + -2)/(p/6). Let d(u) = -2*u. What is d(i)?
-8
Let j(f) be the second derivative of -f**6/72 - f**5/120 + 5*f**3/3 - 8*f. Let d(o) be the second derivative of j(o). Let l = -1 - -2. What is d(l)?
-6
Let z(v) = 17204*v + 2*v**2 - 17226*v - 3 - 4*v**2. What is z(-11)?
-3
Suppose 2*u = -0*u + 8. Let w(v) = -2*v**2 + 2. Suppose 3*m + 0*s = -5*s + 23, -3*s = m - 13. Let c(n) = n**2 - n. Let b(a) = m*w(a) + 3*c(a). Determ